is the hundreds digit of 440927167?
1
What is the ten millions digit of 265908211?
6
What is the millions digit of 23056532?
3
What is the tens digit of 20798849?
4
What is the thousands digit of 7323932?
3
What is the thousands digit of 164316179?
6
What is the hundred thousands digit of 405229236?
2
What is the ten thousands digit of 143738929?
3
What is the millions digit of 61717980?
1
What is the tens digit of 17863405?
0
What is the hundreds digit of 243137379?
3
What is the hundreds digit of 5979198?
1
What is the hundred thousands digit of 968966793?
9
What is the hundred millions digit of 3230509083?
2
What is the thousands digit of 205408332?
8
What is the tens digit of 215228408?
0
What is the hundred thousands digit of 2920093636?
0
What is the hundred thousands digit of 45936271?
9
What is the units digit of 854376828?
8
What is the hundred thousands digit of 1231918383?
9
What is the hundreds digit of 174408133?
1
What is the ten thousands digit of 15196734?
9
What is the hundred thousands digit of 397747580?
7
What is the ten thousands digit of 53919002?
1
What is the billions digit of 1077483500?
1
What is the hundreds digit of 155066727?
7
What is the hundreds digit of 2596366430?
4
What is the hundred thousands digit of 32496798?
4
What is the hundred millions digit of 747635136?
7
What is the thousands digit of 12581182?
1
What is the units digit of 5370853346?
6
What is the hundred thousands digit of 26188456?
1
What is the hundred thousands digit of 120581527?
5
What is the ten thousands digit of 37801193?
0
What is the thousands digit of 61713025?
3
What is the units digit of 2867285653?
3
What is the hundreds digit of 4436763332?
3
What is the thousands digit of 2386422691?
2
What is the hundred millions digit of 917503371?
9
What is the hundreds digit of 47823132?
1
What is the ten thousands digit of 42134957?
3
What is the thousands digit of 8557683309?
3
What is the tens digit of 126726843?
4
What is the units digit of 662437585?
5
What is the hundreds digit of 4144430?
4
What is the ten millions digit of 2331350845?
3
What is the units digit of 24953017?
7
What is the tens digit of 562386948?
4
What is the hundred thousands digit of 98713540?
7
What is the tens digit of 6934725121?
2
What is the millions digit of 155181331?
5
What is the ten thousands digit of 513191214?
9
What is the units digit of 5284651057?
7
What is the tens digit of 586082713?
1
What is the tens digit of 207102493?
9
What is the units digit of 20995614?
4
What is the ten millions digit of 89414540?
8
What is the hundred thousands digit of 33826195?
8
What is the ten thousands digit of 689657076?
5
What is the hundreds digit of 617405118?
1
What is the hundred millions digit of 145012300?
1
What is the tens digit of 22276774?
7
What is the tens digit of 941019769?
6
What is the hundreds digit of 83076666?
6
What is the ten thousands digit of 3789298071?
9
What is the millions digit of 935011168?
5
What is the hundreds digit of 4855150004?
0
What is the hundred millions digit of 1007531716?
0
What is the hundred thousands digit of 57801820?
8
What is the ten millions digit of 60185252?
6
What is the ten thousands digit of 49679829?
7
What is the ten thousands digit of 296379079?
7
What is the hundred thousands digit of 6464653326?
6
What is the ten thousands digit of 32926504?
2
What is the hundred thousands digit of 480612901?
6
What is the millions digit of 2109154642?
9
What is the tens digit of 4344648872?
7
What is the units digit of 721500274?
4
What is the tens digit of 446260457?
5
What is the millions digit of 183759102?
3
What is the tens digit of 47542366?
6
What is the ten millions digit of 122355942?
2
What is the thousands digit of 399866499?
6
What is the ten millions digit of 689012343?
8
What is the hundreds digit of 352830124?
1
What is the tens digit of 2412424655?
5
What is the units digit of 1523306600?
0
What is the hundreds digit of 189831287?
2
What is the hundreds digit of 198570101?
1
What is the hundreds digit of 13077094?
0
What is the thousands digit of 2934952534?
2
What is the hundred thousands digit of 154043979?
0
What is the thousands digit of 49477935?
7
What is the hundreds digit of 43814128?
1
What is the tens digit of 326104750?
5
What is the hundred millions digit of 306371533?
3
What is the hundred millions digit of 7146201975?
1
What is the tens digit of 1436216217?
1
What is the hundred thousands digit of 205776204?
7
What is the hundred thousands digit of 50625052?
6
What is the tens digit of 2114792741?
4
What is the ten millions digit of 20531342?
2
What is the units digit of 6933883535?
5
What is the hundred thousands digit of 543148391?
1
What is the millions digit of 27948059?
7
What is the hundred thousands digit of 116916385?
9
What is the thousands digit of 48204206?
4
What is the thousands digit of 557208475?
8
What is the ten millions digit of 397489660?
9
What is the units digit of 5296092789?
9
What is the ten thousands digit of 73748743?
4
What is the ten thousands digit of 49742697?
4
What is the tens digit of 380145248?
4
What is the ten thousands digit of 1702176199?
7
What is the hundred thousands digit of 1671662458?
6
What is the millions digit of 42811597?
2
What is the ten millions digit of 377570008?
7
What is the ten millions digit of 1634386008?
3
What is the hundreds digit of 49682768?
7
What is the hundreds digit of 58006149?
1
What is the hundred thousands digit of 76642839?
6
What is the units digit of 16225364?
4
What is the ten millions digit of 86427948?
8
What is the hundreds digit of 36111619?
6
What is the hundred millions digit of 5465163925?
4
What is the ten millions digit of 4304793035?
0
What is the tens digit of 332152819?
1
What is the hundred thousands digit of 1854919401?
9
What is the units digit of 107114389?
9
What is the millions digit of 24819207?
4
What is the hundred thousands digit of 30975679?
9
What is the ten millions digit of 81643018?
8
What is the millions digit of 5760551065?
0
What is the millions digit of 127372469?
7
What is the units digit of 279033873?
3
What is the millions digit of 298857227?
8
What is the hundreds digit of 21299782?
7
What is the units digit of 1487912237?
7
What is the tens digit of 6137456?
5
What is the units digit of 134123022?
2
What is the ten thousands digit of 19917466?
1
What is the hundreds digit of 1870675?
6
What is the units digit of 135989881?
1
What is the tens digit of 161246753?
5
What is the ten thousands digit of 31782436?
8
What is the tens digit of 1020061240?
4
What is the millions digit of 48477622?
8
What is the ten thousands digit of 1291264397?
6
What is the hundreds digit of 2639931?
9
What is the billions digit of 6723864782?
6
What is the thousands digit of 503383173?
3
What is the millions digit of 5159289169?
9
What is the ten thousands digit of 65678191?
7
What is the tens digit of 7076625?
2
What is the ten thousands digit of 28409486?
0
What is the thousands digit of 29268960?
8
What is the units digit of 324306316?
6
What is the millions digit of 1121180635?
1
What is the tens digit of 328288690?
9
What is the hundreds digit of 1025568692?
6
What is the units digit of 1057856580?
0
What is the thousands digit of 204341376?
1
What is the hundred millions digit of 969921178?
9
What is the hundreds digit of 1705218513?
5
What is the hundred thousands digit of 265179726?
1
What is the hundred thousands digit of 2509682356?
6
What is the units digit of 224063285?
5
What is the millions digit of 121994253?
1
What is the thousands digit of 56180132?
0
What is the thousands digit of 73402973?
2
What is the hundred millions digit of 1055600368?
0
What is the hundred thousands digit of 55516228?
5
What is the tens digit of 24400531?
3
What is the thousands digit of 38928064?
8
What is the hundreds digit of 236401965?
9
What is the millions digit of 1175075447?
5
What is the millions digit of 44032136?
4
What is the ten thousands digit of 163100206?
0
What is the thousands digit of 1827236264?
6
What is the thousands digit of 50763001?
3
What is the units digit of 1322981398?
8
What is the hundred thousands digit of 145457410?
4
What is the millions digit of 66235190?
6
What is the ten thousand